1?
False
Is 4170 a factor of 22377283?
False
Does 379 divide 1881285928?
False
Is 547 a factor of 22558832?
False
Is 9127 a factor of 200456301?
True
Does 10 divide 1354051?
False
Is 1309721868 a multiple of 126?
True
Is 156519960 a multiple of 820?
True
Does 38 divide 99097054?
False
Is 604 a factor of 43233716?
True
Is 16 a factor of 2331733808?
True
Is 125266398 a multiple of 41?
True
Is 47 a factor of 358346322?
False
Is 8 a factor of 24442176?
True
Does 42 divide 651843360?
True
Does 102 divide 2945760?
True
Is 319 a factor of 1198294736?
False
Is 2261 a factor of 54609933?
True
Does 6863 divide 3315673149?
True
Is 478 a factor of 18055793?
False
Does 3 divide 759253965?
True
Is 1550742411 a multiple of 647?
False
Is 558 a factor of 10974580?
False
Is 102596072 a multiple of 4337?
True
Does 1278 divide 3119206932?
True
Is 19698578 a multiple of 554?
True
Does 3615 divide 169387034?
False
Does 175 divide 137307100?
True
Is 449 a factor of 444903324?
True
Is 64971456 a multiple of 446?
False
Is 10 a factor of 31496460?
True
Is 107 a factor of 4798017?
False
Is 299 a factor of 103850950?
False
Does 71 divide 19103615?
True
Is 227 a factor of 27189682?
False
Is 140 a factor of 17412780?
True
Does 19 divide 1001821799?
False
Is 536 a factor of 47814222?
False
Is 4852 a factor of 157762780?
True
Is 1243397820 a multiple of 70?
True
Is 852952064 a multiple of 8?
True
Does 107 divide 6304504?
False
Is 516 a factor of 473547170?
False
Does 7 divide 64050?
True
Does 21 divide 619216968?
False
Is 35294216 a multiple of 383?
True
Does 15 divide 28005225?
True
Does 1644 divide 75574680?
True
Is 14632 a factor of 740349936?
True
Is 125 a factor of 9309250?
True
Is 59 a factor of 257482903?
True
Is 119562950 a multiple of 180?
False
Is 95965272 a multiple of 34?
True
Is 656326311 a multiple of 2463?
False
Is 15 a factor of 45659475?
True
Is 39 a factor of 85716923?
False
Does 12 divide 4084896?
True
Is 15 a factor of 6540867?
False
Is 1654747580 a multiple of 2498?
False
Does 7 divide 10121932?
False
Is 3430060872 a multiple of 11699?
False
Is 60 a factor of 38343960?
True
Does 9 divide 1453267?
False
Does 32 divide 161786087?
False
Does 2858 divide 705517306?
True
Does 817 divide 233108074?
True
Does 10 divide 16470380?
True
Does 148 divide 30389270?
False
Is 295 a factor of 10779595?
True
Is 12 a factor of 793030128?
True
Is 1127 a factor of 264036941?
True
Does 12 divide 2325423196?
False
Is 2883 a factor of 40658975?
False
Does 1652 divide 80693592?
True
Is 66 a factor of 13827297?
False
Is 13703468 even?
True
Is 703152304 a multiple of 3838?
True
Is 13450008 a multiple of 1716?
True
Is 54708752 a multiple of 16?
True
Is 1343188840 a multiple of 280?
True
Is 5 a factor of 13424236?
False
Does 112 divide 8142357?
False
Does 78 divide 1109286?
False
Is 15 a factor of 143371051?
False
Is 27 a factor of 8265323?
False
Does 367 divide 14774025?
False
Is 2513077978 a multiple of 284?
False
Is 52352595 a multiple of 37?
True
Is 640410976 a multiple of 6060?
False
Is 177751112 a multiple of 308?
True
Does 151 divide 386362435?
False
Does 2620 divide 165224622?
False
Does 24 divide 43576632?
True
Does 1460 divide 3730300?
True
Is 469 a factor of 74828535?
False
Is 7 a factor of 33842242?
True
Is 270154800 a multiple of 24?
True
Is 2033682426 a multiple of 10055?
False
Does 16 divide 5903779?
False
Is 24 a factor of 3852960?
True
Does 330 divide 12880862?
False
Is 178 a factor of 427736136?
True
Does 136 divide 28569184?
False
Is 99 a factor of 752104485?
True
Is 775671312 a multiple of 39?
True
Is 5 a factor of 690009737?
False
Is 133 a factor of 111613277?
False
Is 1746 a factor of 746858484?
True
Is 63836607 a multiple of 16?
False
Does 11 divide 58875850?
True
Is 17 a factor of 729601784?
True
Does 52 divide 89447956?
True
Is 170 a factor of 276997176?
False
Is 6 a factor of 288882594?
True
Is 7178346112 a multiple of 16?
True
Does 11 divide 70135824?
True
Does 12 divide 169066174?
False
Does 403 divide 93581033?
True
Does 18 divide 212299172?
False
Is 570756330 a multiple of 45?
True
Is 1568096398 a multiple of 5?
False
Is 2554261211 a multiple of 6454?
False
Does 14 divide 960584769?
False
Is 2424942 a multiple of 18?
True
Is 226 a factor of 6600556?
True
Is 58042949 a multiple of 29?
True
Is 196 a factor of 64893836?
True
Is 879102583 a multiple of 599?
True
Is 10 a factor of 170079057?
False
Is 44 a factor of 24342978?
False
Is 16453060 a multiple of 130?
True
Is 1229545582 a multiple of 30?
False
Is 1204981636 a multiple of 15?
False
Does 52 divide 57640297?
False
Does 140 divide 77628460?
True
Does 12 divide 156879389?
False
Is 331288941 a multiple of 3?
True
Is 43249320 a multiple of 15?
True
Is 4885707 a multiple of 7?
False
Is 11826520 a multiple of 120?
False
Is 1516478886 a multiple of 78?
True
Is 262567363 a multiple of 1037?
True
Is 793806950 a multiple of 10?
True
Is 2088858910 a multiple of 224?
False
Does 549 divide 21020101?
False
Is 791 a factor of 239930075?
True
Does 158 divide 538544106?
True
Is 3968340420 a multiple of 2167?
True
Is 9107324 a multiple of 323?
False
Is 2876551 a multiple of 3?
False
Does 297 divide 280821222?
True
Is 30812064 a multiple of 771?
False
Is 110906477 a multiple of 780?
False
Does 564 divide 206962664?
False
Is 670810462 a multiple of 1245?
False
Is 1157385810 a multiple of 7870?
True
Does 13 divide 219341850?
True
Is 20 a factor of 809106500?
True
Is 166352410 a multiple of 19?
True
Is 510 a factor of 2783689650?
True
Does 6 divide 2096826?
True
Is 166 a factor of 2808834?
False
Is 480 a factor of 14096160?
True
Is 209101200 a multiple of 24?
True
Is 33678275 a multiple of 25?
True
Does 57 divide 3363787740?
True
Is 1330 a factor of 30798810?
True
Does 6221 divide 342183791?
False
Is 69 a factor of 8338857?
True
Does 1711 divide 190077871?
False
Is 677 a factor of 31123721?
True
Is 1249337867 a multiple of 942?
False
Does 797 divide 717440362?
False
Does 1098 divide 55788282?
True
Does 468 divide 958383592?
False
Does 65 divide 681849155?
True
Is 13 a factor of 1628423342?
True
Is 226936367 a multiple of 1698?
False
Does 7 divide 22399818?
True
Does 72 divide 7292829?
False
Is 52691826 a multiple of 66?
True
Is 46815222 a multiple of 3277?
True
Is 4212 a factor of 3797902075?
False
Is 51 a factor of 2762344?
False
Is 26 a factor of 5068523?
False
Is 28 a factor of 176401404?
False
Is 10 a factor of 3508080?
True
Is 1445077260 a multiple of 1980?
True
Is 36694202 a multiple of 84?
False
Is 514773778 a multiple of 6442?
True
Does 5840 divide 10891600?
True
Is 18600500 a multiple of 10?
True
Does 24 divide 382225464?
True
Does 6 divide 848364?
True
Is 6 a factor of 1609908?
True
Is 2343155804 a multiple of 16?
False
Is 1191337560 a multiple of 238?
True
Is 1624 a factor of 67028976?
True
Is 65427273 a multiple of 429?
False
Is 119964915 a multiple of 1665?
True
Is 1472 a factor of 32559168?
True
Is 61 a factor of 267701993?
False
Is 2120 a factor of 1311282805?
False
Does 147 divide 70408296?
True
Is 2361299030 a multiple of 386?
True
Does 90 divide 687539790?
True
Is 108465149 a multiple of 199?
True
Is 14 a factor of 3229730?
True
Is 49 a factor of 561737729?
False
Is 33128165 a multiple of 344?
False
Is 32 a factor of 44072961?
False
Does 30 divide 417030915?
False
Does 2937 divide 3941277325?
False
Does 51 divide 596656140?
True
Is 9912 a factor of 4277315448?
True
Is 23 a factor of 759669933?
False
Is 4487 a factor of 2946727411?
False
Is 20957412 a multiple of 2023?
False
Is 8 a factor of 3641824?
True
Is 184778924 a multiple of 44?
True
Is 4090262055 a multiple of 17200?
False
Is 462 a factor of 71405796?
True
Does 5 divide 2825760127?
False
Does 269 divide 48214753?
True
Does 42 divide 3233748?
True
Is 675848200 a multiple of 4?
True
Does 101 divide 129478907?
False
Is 100 a factor of 86532300?
True
Is 6119 a factor of 147614756?
True
Does 21 divide 1409838940?
False
Is 6 a factor of 1935086562?
True
Is 2842812 a multiple of 21?
True
Is 15 a factor of 905046503?
False
Does 28 divide 6209116?
False
Is 136 a factor of 133451053?
False
Does 501 divide 299467264?
False
Is 2065 a factor of 493432651?
False
Is 286 a factor of 42926302?
False
Does 12 divide 238733330?
False
Is 13 a factor of 75081513?
